-b**3 + 9*b**2 - 8*b + 9. Let t be x(8). Let a = t - 9. Let z(v) = v**2 + 0*v**2 + v + a*v - 6*v**3 - 2*v**2. What is z(1)?
-6
Suppose 3*k + 0*v + 4*v = 20, -2*k - 4*v + 20 = 0. Let r(b) = b**2 + b - 1. Let h be r(3). Let o(s) = -s**2 - 2*s**3 + s**3 - 1 - h. Determine o(k).
-12
Let d(n) be the first derivative of 2*n**2 + 1/3*n**3 - n - 4. Let g be (1*-1)/(1/5). Give d(g).
4
Let k(z) be the second derivative of z**6/240 - z**5/24 - z**4/3 + 3*z. Let j(i) be the third derivative of k(i). Give j(4).
7
Let o(x) = -2*x + 3. Let t(r) be the second derivative of r**2/2 + 2*r. Let s(l) = -o(l) + 2*t(l). Determine s(1).
1
Let a(d) = -d**3 + d**2 + 2*d. Suppose -z + 3*i + 4 - 3 = 0, 14 = -5*z - 4*i. Calculate a(z).
8
Suppose -y - 4*p + 1 = 3, -4*p + 16 = -2*y. Let m be 2*(y/(-4))/3. Let c(t) = 4*t + 0*t + 6*t. What is c(m)?
10
Suppose 4*u = -5*l - 3 - 0, -l - 3 = 0. Suppose 5*f - 5 = -20. Let h = f + u. Let v(w) = w**3 + w**2 - 7. Give v(h).
-7
Let b(t) = -2*t**2 - 2*t + 2. Let m = 2 + 2. Suppose 4*o + 14 = -g, -2*g - m*o - 22 = 3*g. Calculate b(g).
-2
Let w(o) = o**2 + 5*o + 1. Let k be w(-2). Let y(v) = 5*v**2 - 25*v + 24. Let j(c) = c**2 - 6*c + 6. Let t(r) = 9*j(r) - 2*y(r). Give t(k).
1
Let w(i) = -i + 7. Let u be w(7). Suppose 5*j + 15 + 0 = u. Let r(m) = m + 2. Give r(j).
-1
Let o(q) = -q. Suppose 2*b - 10 = c + 11, 0 = 2*c - b + 36. Let a = c + 10. Let z = a - -3. What is o(z)?
4
Let v(p) be the second derivative of -p + 0 + 1/3*p**3 + p**2. What is v(-3)?
-4
Let r(z) = -13*z + 1. Let w = 26 - 25. Give r(w).
-12
Let h(v) = 2*v - 23. Let s be h(9). Let z(g) = -g + 1. Calculate z(s).
6
Suppose 3*i + 4 = -u, 4*i = -i - u - 6. Suppose 16 = 3*m + r, 2*r - 5 - 15 = -3*m. Let g(d) = 1 - m*d**2 + 11*d**3 + 3*d**2 - 3*d**3. Give g(i).
-8
Let f(q) = -3 + 3 - 146*q - q**2 + 149*q. Calculate f(3).
0
Suppose 0 = -4*c - c - 10. Let q(i) be the second derivative of -i**4/12 + i**3/3 + 2*i. What is q(c)?
-8
Let v be (-9)/27 + (-32)/(-6). Let i(w) = w**3 - 6*w**2 + 6*w. Determine i(v).
5
Let s(y) = -2*y + 2*y - y + 7 - 9 - y**2. What is s(0)?
-2
Let c(h) = h**3 - 4*h**2 + 5*h + 5. Let a(o) = o**3 - 2*o**2 + 4*o + 4. Let y(q) = 3*a(q) - 4*c(q). Calculate y(9).
1
Let a(s) = s**2 + 6*s + 5. Let v(b) be the first derivative of b**2/2 + b + 7. Let z(c) = a(c) + 2*v(c). Determine z(-5).
-8
Let n be (-4)/2*(-54)/12. Let r = n - 14. Let b(g) = g**3 + 4*g**2 - 6*g - 4. Determine b(r).
1
Suppose -5*h + 10 = 5*i, 9 + 2 = 3*h + 4*i. Let p = -4 + h. Let j = -3 - p. Let k(q) = -q**3 + 4*q**2 - 3*q + 6. What is k(j)?
-6
Let z(t) = -t**3 + t**2 - 4*t**2 + 8*t**2 - 10*t**2 + 19 - 6*t - 22. Let q be 0 - (-1 - 0) - 5. What is z(q)?
5
Suppose -5*v = -9*c + 4*c + 30, -4*v + 8 = 4*c. Let b(q) = -q**2 + c*q**3 - 4*q**3 + q**3 + 3 - 4*q. Let r = -4 + 6. Determine b(r).
-1
Let c(y) = -y**3 - 1 + 0*y**3 + 0 - 4*y**2 + 3*y**2. Calculate c(-1).
-1
Let g(z) be the second derivative of z**3/6 + 2*z. Let u be ((-20)/(-16))/(3/(-12)). Determine g(u).
-5
Let k(m) = 2*m**2 + 10*m + 1. Let q be k(-4). Let u(h) = -h**3 - 7*h**2 - 9. Give u(q).
-9
Let b(x) be the first derivative of -x**4/4 - 5*x**3/3 - 2*x**2 + 4*x + 1. What is b(-4)?
4
Let f(w) = 3*w**2 + 7 - 3*w + 13*w**2 - 17*w**2 - 6*w. What is f(-10)?
-3
Let o(k) = k**3 + k**2 - 2*k + 3. Let h(z) = -z**3 - z**2 + 3*z - 4. Let f(j) = 2*h(j) + 3*o(j). Let a(d) be the first derivative of f(d). What is a(-2)?
8
Let b(y) be the first derivative of 2 + 6*y + 0*y**2 - 1/3*y**3. What is b(0)?
6
Let r(a) = -a - 1. Let t(n) = 3*n - 5*n + 3*n - 13 - 2*n. Let j be t(-9). What is r(j)?
3
Let g(p) = -3*p**3 - 17*p**2 + 15*p - 6. Let h(y) = 2*y**3 + 9*y**2 - 8*y + 3. Let w(a) = -3*g(a) - 5*h(a). Determine w(5).
3
Let l(r) = -2*r**3 + 5*r**2 - 2*r - 9. Let b(u) = -u**3 + 3*u**2 - u - 4. Let s(w) = -5*b(w) + 2*l(w). Let x = 6 + -4. Calculate s(x).
-8
Let a(d) be the second derivative of -7*d**5/20 - d**4/12 - d**3/6 + d. Let c(x) = 7*x - 13*x + x**2 + 0*x - 8. Let f be c(7). Calculate a(f).
7
Let a be (-2)/(-3*(-1)/6). Let t = a - -8. Let q(j) = -t*j**2 - 4*j - 3 + 0*j**2 + 3*j**2. Determine q(-5).
-8
Let l(i) = i**2. Let m(w) = w**2 + w - 1. Let j(s) = 2*s**2 + 10*s - 1. Let c(p) = -j(p) + 3*m(p). Let z be c(7). Calculate l(z).
4
Let u = -22 + 28. Let p(b) = 3*b - 3*b**2 + 4*b**2 - 9*b - 3. Determine p(u).
-3
Suppose i - h - 13 = -4*h, 2*i - 5*h = -18. Let q(t) = i + 1 - 2 - 2*t - 6. Calculate q(-4).
2
Let p(w) = w - 3. Let o be p(8). Let k(s) = 4*s + 0 - 3*s - 3. Calculate k(o).
2
Let m(k) be the first derivative of k**3/3 - 7*k**2/2 + 4*k + 43. Let l(s) = s**3 + 5*s**2 + 2*s - 2. Let j be l(-4). Calculate m(j).
-2
Let r(n) = 1 + n**2 + n - 5*n - 2*n**2 - 4. Calculate r(-6).
-15
Let h = 14 + -5. Let n = 14 - h. Let k(a) = 3*a - 7. Let i(u) = -13*u + 28. Let b(q) = 2*i(q) + 9*k(q). Calculate b(n).
-2
Suppose h + 2 = 0, -s - 4*h = -5*s + 8. Suppose -4*f - 8 = s, -f + 24 = 4*n + f. Let b = n + -5. Let p(a) = a - 2. Determine p(b).
0
Let q(r) = -3*r**2 + 17 - 20 + r**3 + 0*r**3 + 6*r**2. Calculate q(-3).
-3
Let o(n) = 11*n**2 - n - 14. Let c(b) = 1. Let l(q) = 5*q**2 - 3. Let j(u) = 4*c(u) - l(u). Let f(w) = 13*j(w) + 6*o(w). What is f(6)?
7
Let y be 1/((-4)/16) - -7. Let d(v) = v + 2. Give d(y).
5
Let s(f) = 2*f**2 - 1 + f - f - 6*f**3. Suppose -2 + 6 = 4*o. Give s(o).
-5
Let c(k) = -k**2 - k + 1. Let x(u) = 10*u**2 + 9*u - 10. Let q(r) = -18*c(r) - 2*x(r). What is q(-2)?
-6
Let m(f) = f**3 - f**2. Suppose 0 = 4*y + 3*g - 0*g + 10, g = -4*y - 6. Determine m(y).
-2
Let o = -5 + 6. Let g(d) = 2 - o + d - 6*d. Determine g(-1).
6
Let m(z) = 6 + 4*z**2 - 1 - 2 - 3*z**2 + 6*z. Calculate m(-5).
-2
Let z(m) = 4*m + 31*m**2 - 55*m**2 + 23*m**2 + 4. Let t(r) be the first derivative of r**3/3 + r**2 - 3*r + 1. Let x be t(2). Calculate z(x).
-1
Let l = -5 + 7. Let n = l - -1. Suppose -n*z - 7 = 5. Let v(u) = -u**3 - 4*u**2 + 2. Give v(z).
2
Let x(w) = 5*w**2 - 24*w + 6*w + 15*w + 1. What is x(2)?
15
Let c(d) = -7*d**2 - 5*d + 3. Let n(k) = 20*k**2 + 15*k - 8. Let u(s) = 17*c(s) + 6*n(s). Let l be (-20)/6 - (-32)/(-48). Calculate u(l).
-1
Suppose 0 = -4*l - 26 + 6. Let r(u) = -u**3 + 1 - 5*u**2 - 1 - 2 - 3. Give r(l).
-5
Suppose -4 = -7*h - 18. Let i(t) = -2*t**2 - 3*t. Calculate i(h).
-2
Let m(l) = l**2 - 5. Let w(v) = -v**2 + 4. Let r(a) = -3*m(a) - 4*w(a). Determine r(2).
3
Let o(k) = 0 - k - 1 + 0. Let m = -3 - 1. Give o(m).
3
Suppose -8*t - 5 = -13*t. Let b(n) = -n + 3*n**3 + 6*n**3 + n**2 - 3*n**3. Calculate b(t).
6
Let h(d) = -7*d**3 + d**2. Let c(x) = -x**2 + 2*x + 3. Let q be c(-2). Let t be 7/6 + q/30. Determine h(t).
-6
Let v = -5 - 0. Let i be (0 + (3 - 3))/(-2). Let h(m) = 3 + 3*m + 0 + i + 1. Determine h(v).
-11
Suppose -5*t + r + 0 - 7 = 0, -4*t - 2 = r. Let q(h) be the second derivative of 4*h**3/3 + h**2/2 - 2*h. Give q(t).
-7
Let k(g) = 6*g**2 + 2*g - 1. Let m be (-4)/(-14) - 132/21. Let y = m + 7. Give k(y).
7
Let g(l) be the third derivative of -l**6/360 + l**5/40 + l**4/6 - l**3/2 - 2*l**2. Let v(p) be the first derivative of g(p). Determine v(5).
-6
Suppose -5*u = -5*m + 25, 5*u + m + 40 = u. Let i(h) = -h**3 - 8*h**2 + 9*h - 1. Determine i(u).
-1
Suppose 0 = -a - 2*a - 6. Let z(m) = -2*m**2 - 3*m - 3. Let n(o) = o**2 + o. Let j(l) = -n(l) - z(l). Let p(i) be the first derivative of j(i). Determine p(a).
-2
Let v(w) = -w**3 + 4*w**2 + 3*w + 7. Let d(f) = f**2 + 7*f - 3. Let y be d(-8). Suppose -y*g - 3 + 28 = 0. Determine v(g).
-3
Let j(x) = x**3 + 8*x**2 + 8*x + 2. Let s be (0 - -3) + (-6 - 4). Determine j(s).
-5
Suppose -4*q - 2 = 10. Let m(r) = -r**3 - 3*r**2 - r - 4. What is m(q)?
-1
Let t(c) = -c**3 + 5*c**2 + 4*c + 4. Suppose -3*j = -5*q + 18, 3*q + 5*j = -q + 44. Calculate t(q).
-8
Let c be (-15)/(-10) - (-10)/4. Suppose 3*v + 5 = 14, -c*v = 4*h - 28. Let w(z) = z**2 - 3*z. Give w(h).
4
Let t(i) = -3 - 2*i + 4 + 2 + 0*i. Suppose -4*n + g = -0*g - 9, 24 = 5*n + 3*g. Calculate t(n).
-3
Suppose -5*q - 3*z = -3, -q + 5*z - 2 = 3*z. Let m be (q/2)/(2/1). Let v(k) = -k - 7. Calculate v(m).
-7
Let g(n) be the first derivative of 0*n + 3/2*n**2 + 1/4*n**4 + 2 - 2/3*n**3. Let p = 2 + 0. Determine g(p).
6
Let k be 12/(-2)*(-4)/(-8). Let y(f) = -f**2 + 1. Determine y(k).
-8
Let c(p) = p**3 + 8*p**2 - 5. Suppose -9 = n - 1. Determine c(n).
-5
Let r(